. Suppose 7*q = 4*q + 45. Calculate the greatest common divisor of l and q.
15
Let o be (2/(-3))/((20/726)/(-5)). Let m be (1 - 0)*11/1. Calculate the highest common factor of m and o.
11
Let v be ((-26)/(-3))/(2/6). Suppose -3*a - 8 = -v. Let n(f) = 3*f**3 - f. Let h be n(1). What is the greatest common factor of a and h?
2
Let w(y) = y**3 - 6*y**2 + 7*y - 2. Let r be -1*(6/(-3) - 3). Let u be w(r). Calculate the highest common factor of 24 and u.
8
Let l be (-1)/(-2) - (0 + (-325)/10). What is the greatest common divisor of 11 and l?
11
Let q be (76/95)/(2/75). Calculate the highest common factor of q and 12.
6
Suppose -5*b = 3*m - 26, 3*b = -6*m + 5*m + 14. Suppose 4*s - b*a - 40 = 20, -4*a = s - 10. What is the greatest common factor of 14 and s?
14
Let d be (-1672)/(-28) + 4/14. Suppose -d = -2*h + 4*n, 3*h + h - 68 = -5*n. What is the greatest common factor of h and 242?
22
Let q be (-2 - 6)/(3/(-54)). What is the greatest common factor of q and 18?
18
Let l be -2 - -11*(0 - -1). Let v(z) = -28*z + 1. Let j be v(1). Let p = l - j. What is the greatest common divisor of 12 and p?
12
Suppose 141 = 3*m + 2*s, 0 = 5*m - s - 112 - 110. What is the greatest common divisor of m and 18?
9
Let l = 4 + -2. Let q = 12 - l. Let f = q + 22. What is the highest common factor of f and 8?
8
Let c(r) be the third derivative of -r**6/120 + 3*r**5/20 - r**4/24 + 5*r**3/3 + 2*r**2. Let j be c(9). What is the highest common factor of j and 1?
1
Suppose 0*d - 759 = -4*f + 3*d, 4*d = f - 180. Calculate the greatest common factor of f and 24.
24
Suppose 0 = r + 5*h - 21, -4*r + 2*h = -0*h - 128. Let k = r + -18. Calculate the highest common divisor of k and 39.
13
Let w(s) = -s**2 - 7*s - 6. Let u be w(-5). What is the highest common factor of u and 4?
4
Let o(t) = -t**2 + 8*t - 8. Let i = 11 - 5. Let v be o(i). Let w = -2 + v. What is the greatest common factor of 6 and w?
2
Suppose 2*p + 179 = w + 50, -5*p = -5*w + 630. Suppose -4*d + 2*q = 3*q - 171, 3*d - q = w. Calculate the greatest common divisor of d and 14.
14
Let c be 2*(-2 - 0) - 12*-9. Let z be (-1 - 0) + (-10)/(-1). Let k = z + 4. Calculate the greatest common factor of c and k.
13
Let y(w) = -w**3 - 9*w**2 - 8*w + 5. Let a be y(-8). Let v be (4 + -2)/(1/a). Calculate the greatest common factor of v and 10.
10
Let a be 1*(-8)/1*-2. Suppose -88 = -2*r - r - 4*d, -4 = -r + 5*d. What is the greatest common divisor of a and r?
8
Suppose -2*g - 4 + 20 = 4*l, 10 = 5*l. Suppose g*c = -m + 43 + 85, m - 95 = -3*c. What is the highest common divisor of c and 22?
11
Let h = -97 - -67. Let t be h*(-1 + 0)*1. Let z = 66 + -21. What is the highest common divisor of t and z?
15
Let l(f) = f**3 + 6*f**2 + 6*f + 2. Let z be l(-4). Let r = 43 + 7. What is the highest common divisor of r and z?
10
Let f = -45 - -85. What is the highest common divisor of f and 8?
8
Suppose -5*d - 18 = m, 4*m + 17 = d + 50. Suppose 3 = 5*b - m. Suppose b*u + 20 = 4*u. What is the greatest common divisor of u and 2?
2
Let p = -75 + 138. Calculate the greatest common divisor of 9 and p.
9
Suppose 106 - 394 = -4*k. Suppose w = -3*v + 18 + 25, 4*v = -3*w + 59. Let s = v - 5. What is the greatest common factor of s and k?
9
Suppose 2 = 3*s - 5*k - 25, 5*k + 19 = s. What is the greatest common divisor of 10 and s?
2
Let u = -121 + 225. Suppose -r = 3*o - 37, -r + 50 = 6*o - 2*o. What is the greatest common divisor of u and o?
13
Let s = 52 - 34. Suppose 0 = -2*g - 5*n - 1, -4*g + 0*n = n - 7. Suppose -87 = -4*y + 2*o + 3*o, -g*o + 66 = 4*y. What is the highest common divisor of s and y?
18
Let y(x) = x**3 - 5*x**2 + 2. Let u be y(2). Let n = 0 - u. Let m = -2 - -22. Calculate the highest common divisor of m and n.
10
Let c(y) = y**2 + 2*y + 3. Suppose 5*v = -x + 3*x - 17, 3*v + 9 = x. Let n be c(x). Calculate the greatest common factor of 34 and n.
17
Let m be 33/3 - (-6)/3. What is the greatest common divisor of 26 and m?
13
Let o = 46 - 41. Calculate the greatest common factor of 15 and o.
5
Suppose -2*k = k. Suppose 0 = -2*c - 2*t, k = 2*c - 0*t + t - 1. Let q be 19/2 - c/2. What is the greatest common factor of q and 3?
3
Let j = 58 - -41. Let c = 42 - 33. Calculate the greatest common divisor of c and j.
9
Let s be (6/(-18))/(3/(-63)). Let i = -22 - -36. What is the highest common divisor of s and i?
7
Suppose u - 5*f - 101 = -4*f, 4*u - 5*f - 406 = 0. What is the highest common divisor of u and 9?
9
Let w(z) = -z**2 - 28*z - 52. Let y be w(-24). Calculate the highest common factor of 308 and y.
44
Let c = -33 + 164. Let l = -60 + c. Let n = l - -17. What is the greatest common divisor of n and 8?
8
Suppose -4*g = 2*r - 168, 4*r = 4*g + r - 168. Let z(d) = 2*d + 2. Let h be z(6). Calculate the greatest common factor of g and h.
14
Suppose -4*k + 2*x = 18, -11 + 44 = -3*k - 5*x. Let b = k - -12. What is the greatest common divisor of b and 18?
6
Suppose 3*a = r + 34, 4*r + 48 + 11 = 5*a. What is the greatest common factor of 121 and a?
11
Suppose 3*k - 6*k = -4*j - 53, k - 3*j = 21. Let i(d) = d**2 - 4*d - 4. Let c be i(6). Let o be 50/c + k/20. What is the greatest common divisor of 7 and o?
7
Suppose 2*f - 2*o = 516, -4*f + 584 + 424 = 4*o. Let g = f + -63. What is the highest common divisor of 24 and g?
24
Suppose 146 + 64 = 6*l. Calculate the greatest common factor of l and 14.
7
Let k(n) = n**3 - 4*n**2 - 2*n. Let t be k(5). What is the greatest common factor of 120 and t?
15
Let a be (-4)/(1/(-2)*1). Let v be (-8)/(-2)*-1*-5. Calculate the greatest common divisor of a and v.
4
Suppose 6*q = 5*q - 23. Let j = 13 - q. Suppose 4*z - 3*z + 113 = 2*a, -2*a = 5*z - 83. Calculate the highest common divisor of a and j.
18
Suppose 0 = 5*l - 0*l - 3*r - 245, 2*l - 2*r - 102 = 0. Calculate the highest common factor of 69 and l.
23
Let p(n) = n + 4 - 1 + 0. Let o be p(3). What is the highest common factor of o and 3?
3
Let y(b) = 3*b**2 + 6*b + 8. Let r be y(-6). Calculate the highest common divisor of r and 16.
16
Let j(r) = -r + 104. Let b be j(0). Suppose -4*y = -5*t - b + 20, 63 = 3*y - 2*t. Calculate the greatest common divisor of 3 and y.
3
Let i(b) = -36*b. Let c be i(-4). What is the highest common divisor of c and 16?
16
Let s be -4*-2*(-81)/(-8). Suppose -67 = -7*r - 4. What is the highest common factor of s and r?
9
Let g be (26 + -14)/((-2)/(-9)). Suppose -27 = -3*c + 2*c - 3*l, 105 = 3*c + l. Calculate the highest common factor of g and c.
18
Suppose -4*a + 18 = 2*l, 2*l - 4*a + 6 + 8 = 0. Let p = 18 + l. Let z be ((-19)/(-3))/(2/30). Calculate the highest common divisor of z and p.
19
Let o(v) = -3*v - 8. Let a be o(-4). Calculate the greatest common divisor of a and 4.
4
Let k = 10 - 5. Let d be 2/12*3*0. Suppose -2*a + 2*t + 100 = -d*t, -5*a - 4*t + 295 = 0. What is the highest common factor of k and a?
5
Suppose 2*g - 118 + 6 = 0. Let k = -2 - -37. Suppose 4*f = -f + k. What is the highest common factor of f and g?
7
Let s = -3 + 8. Suppose -3*y = -3*v + 4 - 10, -y - 2*v + s = 0. Calculate the greatest common divisor of y and 9.
3
Suppose 6*r = r + 2*o - 236, -r - 43 = o. Let d = 124 + r. Calculate the highest common divisor of 26 and d.
26
Let g be -1 - (-9)/3 - -76. What is the highest common divisor of 6 and g?
6
Let k be 1/(-1)*0/(-3). Suppose -77 = -h - k*h. What is the greatest common factor of h and 11?
11
Let p(m) = m**3 + 3*m**2 + 2*m + 6. Let g be p(-4). Let t = -15 - g. Calculate the highest common divisor of t and 21.
3
Let v(f) = -3 - 4*f - 3 + 0*f + 0. Let y be v(-4). Let u be ((-3)/(-3))/(2/y). Calculate the greatest common divisor of u and 15.
5
Suppose 4*s + s - 150 = 0. What is the highest common divisor of 45 and s?
15
Suppose 5*v - 3*j = 14, 3*v + 2*v - 30 = -5*j. Suppose 5*n - 19 - 19 = -s, v*s - 24 = -4*n. What is the highest common divisor of 1 and n?
1
Let i(y) = 16*y**3 - y**2 - y + 1. Let s be i(1). What is the highest common divisor of s and 45?
15
Suppose 5*r - 16 = -3*x - x, 0 = -5*x - 5*r + 25. What is the highest common factor of x and 6?
3
Let g = 10 + -6. Suppose -4*k + g + 4 = 0. Let v(i) = 3*i**3 + 3*i**2 - 3*i. Let y be v(k). Calculate the greatest common divisor of y and 12.
6
Suppose -3*t - 5*u + 431 = 0, 0 = 4*u - 0*u + 8. Let k = 0 - -3. Let l(y) = y**2 + 5*y - 3. Let d be l(k). Cal